ate the remainder when o is divided by q.
9
What is the remainder when 183 is divided by (1 - -41) + 2 + 2?
45
Let t = 5 - 3. Suppose -p + 5*p = 184. Calculate the remainder when p/10 + (-2)/(-5) is divided by t.
1
Suppose k = 2*m + 2*m - 317, 2*k - 146 = -2*m. Calculate the remainder when m is divided by 14.
8
Suppose k = -3*k - 148. Let x be (-2)/6*(k + 4). Suppose 0 = j - 2*a - x, -a + 13 = 4*j - 22. Calculate the remainder when 25 is divided by j.
7
Suppose 0 = 2*u - 30 + 2. Calculate the remainder when 41 is divided by u.
13
Suppose 4*i - 34 - 6 = 0. Let t be (-2)/6 - (-1)/3. Suppose -5*b + 50 + 90 = t. Calculate the remainder when b is divided by i.
8
Suppose -5 = -i + 7. Calculate the remainder when 32 is divided by i.
8
Let j be (-1)/(1/(3 - 13)). Calculate the remainder when j/2*(-38)/(-5) is divided by 13.
12
Suppose n - 4*n = b - 33, 2*b - 6 = 0. Suppose 2*m = -p + 41, n*p + 47 = 4*m + 5*p. What is the remainder when m is divided by (-5)/20 + (-82)/(-8)?
8
Let w(a) = -101*a**3 - a. Calculate the remainder when w(-1) is divided by 26.
24
Let b(w) = 2*w - 16. Let x(i) = -i + 15. Let d(k) = 2*b(k) + 3*x(k). Suppose 7*p - 36 - 20 = 0. Calculate the remainder when d(0) is divided by p.
5
Let u = 23 + 25. What is the remainder when 143 is divided by u?
47
Suppose 2 - 14 = -2*x. Let o(s) = -x*s - 3*s**2 - 3 + 2*s**2 + 2*s**2 + 10. What is the remainder when 19 is divided by o(6)?
5
Suppose -4*g = -5*g - 4*o + 29, -5*g - 3*o = -77. Let b(c) = c**3 - 2 + 6*c**2 + 0 + c**2 - c. What is the remainder when g is divided by b(-7)?
3
Suppose 5*o = 3*u - 5, 3*u = o - 2*u + 23. Calculate the remainder when 30 is divided by o.
0
Let h be (-6)/(-9)*18/4. Let r = h - 3. Suppose -4*d = -r*d - 44. What is the remainder when 32 is divided by d?
10
Calculate the remainder when 3 is divided by (16/24)/((-2)/(-6)).
1
Let a = -5 + 9. Suppose a*m + 3*u = 24, m - u + 6 = 2*m. Calculate the remainder when 22*2/8*2 is divided by m.
5
Let u be 9/15 + 426/15. Let g = -19 + u. Calculate the remainder when g is divided by 15*5/((-75)/(-6)).
4
Suppose 65 = h - b, 3*b = 2*h - b - 140. Let c = h + -25. What is the remainder when c is divided by 12?
11
What is the remainder when (-3)/(-2 - 138/(-70)) is divided by 81/(-6)*13/(39/(-6))?
24
Let y = 5 - 0. Suppose -5*d + 45 + y = 0. Suppose b - 6*b = -140. Calculate the remainder when b is divided by d.
8
Let i(j) = -44*j. Let c be i(-1). Let p = -23 + c. What is the remainder when 41 is divided by p?
20
Let n = -7 + 0. Let z = n - -16. Let p = -97 + 102. What is the remainder when z is divided by p?
4
Suppose -5 = -z + 7*s - 2*s, 3*s = -3. Suppose z = -l + 4 + 3. Suppose -t = -3*m + 9, 2*m + 8 = -l*t + 3*t. What is the remainder when 3 is divided by m?
1
Suppose 2*l = -0 + 10. Let j be -3*(-2)/3 + 1. Suppose 0 = c - 2*c + j, -55 = -4*n - c. What is the remainder when n is divided by l?
3
Suppose 5*l = 6*l - 4. Suppose 0 = r + l*r - 40. What is the remainder when 22 is divided by r?
6
Calculate the remainder when ((-63)/(-2))/(9/12) is divided by 15.
12
Let u(p) = p**2 - 6*p - 7. Let w be u(5). Let c = w + 23. Let k = 93 - 62. Calculate the remainder when k is divided by c.
9
Let m = -69 - -82. Calculate the remainder when m is divided by 8.
5
Suppose 3*m = -j + 71, 0 = -m - 5*j + j + 31. Calculate the remainder when 91 is divided by m.
22
Suppose 0 = -45*i + 50*i - 65. Let d(y) = -y**3 - 7*y**2 + 4*y + 4. What is the remainder when d(-8) is divided by i?
10
Suppose 2*a - 30 = -2*l, 3*a - 3*l = -l + 55. Calculate the remainder when 99 is divided by a.
14
Let v = -13 - -22. Calculate the remainder when 34 is divided by v.
7
Suppose 2*h - 199 = -5*d, -506 = -5*h - 3*d - 18. Calculate the remainder when h is divided by 25.
22
Let m = 21 - 14. Let a = -12 + m. What is the remainder when 4 - (a/(-1) + -3) is divided by 1?
0
Suppose 0*k + 36 = 3*k + 2*r, -k = -3*r - 23. Suppose -k = 3*s - 131. Calculate the remainder when s is divided by 14.
11
Suppose 0 = 4*d + d - 135. Let i(b) = b + 4. What is the remainder when d is divided by i(11)?
12
Let l = -3 + 5. Suppose 3 = -l*y + 5*y. Calculate the remainder when 9 + (0/(-1))/y is divided by 5.
4
Suppose -3*l + 59 = 5*s, -2*s - 38 = -0*l - l. What is the remainder when l is divided by 16?
12
Let d(b) = -b**3 + 9*b**2 - 6*b - 9. Calculate the remainder when (-66)/(-3) - (-1 - -4) is divided by d(8).
5
Let y = 52 + -36. Suppose 4*o - 38 = 3*j, 4*j + 3*o = 2*o - 19. Let g(n) = n**2 + 6*n + 9. What is the remainder when y is divided by g(j)?
7
Let d be 3/(-9) - 1/(-3). Suppose d = y - 0*y - 43. Calculate the remainder when y is divided by 15.
13
Let x = 34 - 17. Let m(p) be the first derivative of 7*p**2/2 - p - 2. Calculate the remainder when x is divided by m(1).
5
Let j(n) = n**2 + n + 7. Calculate the remainder when j(-5) is divided by 11.
5
Suppose 0 = 4*q - 3*q - 3*m - 75, -153 = -2*q + 3*m. What is the remainder when q is divided by 20?
18
Let g be 0 - -142 - (5 - 3). Suppose -4*q = -0*m + 4*m - g, -5*m - 73 = -3*q. What is the remainder when q is divided by 16?
15
Let d(o) = -o**2 - 3*o + 2. Let f be d(-2). Suppose i - 28 = -f*t - 2*i, 2*t + 4*i = 14. Calculate the remainder when t is divided by 3.
1
Suppose 2*n + 2 = -2, 2*b + 4*n = -18. Let l = -23 + 49. Let r = b + l. What is the remainder when r is divided by 11?
10
Suppose -55 + 11 = -4*j. Calculate the remainder when 63 is divided by j.
8
Suppose -d = -12 + 2. Calculate the remainder when 78 is divided by d.
8
Let p(a) be the third derivative of a**4/24 + 25*a**3/6 - a**2. Let g = 130 - 117. What is the remainder when p(0) is divided by g?
12
Suppose -4*s + 12 = 4*v, 3*v + 2*v - 15 = -2*s. Calculate the remainder when 5 is divided by v.
2
Suppose 0*r - 5*r = -15. Suppose r*d - 2*d - 13 = 0. Calculate the remainder when d is divided by 7.
6
Suppose -2 = -h, -3*y + 3*h + 71 - 17 = 0. Let x = -3 + 61. Calculate the remainder when x is divided by y.
18
Suppose 29 = 2*h - 65. Suppose -2*w - 3*w = 0, 3*w + h = x. What is the remainder when x is divided by 16?
15
Let d = -9 + 1. Let r = 13 - d. What is the remainder when r is divided by 8?
5
Suppose -h + 3*h + 6 = 0. Let f be 2/(-12)*h*122. Suppose -2*m + l + f = 6*l, 2*m + 2*l = 46. What is the remainder when 53 is divided by m?
17
Let h(k) = k - 2. Calculate the remainder when 32 is divided by h(14).
8
Suppose 3*x + 3 = -5*z + 12, 2*x + 5*z = 1. Suppose -s = -7*f + x*f - 14, -4*f + 5*s + 83 = 0. What is the remainder when 50 is divided by f?
16
Let h(m) = m**3 + m**2 - m + 2. Let l be h(-2). Suppose a + 2 + 3 = l. Let j(q) = -4*q - 1. Calculate the remainder when 36 is divided by j(a).
17
Let j be (284/6)/((-6)/9). Let h = -34 - j. Calculate the remainder when h is divided by 10.
7
Suppose 3*g + 165 = 5*d, -5*g + 2*g = d - 15. Suppose -d = -u - u. What is the remainder when 9/15 - (-1272)/30 is divided by u?
13
Let s(n) = n**3 - n**2 - 2. Let u be s(2). Let d(r) = 2*r**2 - 2*r - 2. What is the remainder when 9/(-3) + u*16 is divided by d(-2)?
9
Suppose -2*h = -4*h + m + 23, 0 = -2*h + 4*m + 32. Calculate the remainder when 37 is divided by h.
7
Let l(i) = -i**2 + 12*i + 4. Calculate the remainder when 71 is divided by l(8).
35
Suppose 9 = k + c, -k - 2*c + 17 = c. Calculate the remainder when 9 is divided by k.
4
Let f(p) = 10*p - 1. Suppose 0*l + u = -2*l, u = -2. Suppose 45 = -2*h + 5*h. What is the remainder when h is divided by f(l)?
6
Let p be (17 + 1)*2/4. Suppose -20 = 4*h - p*h. Calculate the remainder when 0 + 1 - -5*1 is divided by h.
2
Let z(a) = a**3 + 6*a**2 - 2*a - 13. What is the remainder when z(-5) is divided by 36/15*(-10)/(-3)?
6
Suppose -1 - 19 = -5*m. Suppose m*o - 10 = -o. Calculate the remainder when 37*1/(2/o) is divided by 13.
11
Let i(n) = -3 + 2*n + 4 + 0*n. Calculate the remainder when i(2) is divided by 3.
2
Let y be (56/(-4))/(2*-1). Suppose -4*p + 6 = -54. What is the remainder when (y*-8)/(-2) + 1 is divided by p?
14
Let n(v) = v**3 - 3*v**2 - 8*v + 7. What is the remainder when n(6) is divided by 34?
33
Let z(j) = j + 16. Suppose -4 = -3*s + 26. What is the remainder when z(0) is divided by s?
6
Let n = -10 + 3. Let z = -2 - n. Suppose 0*y - 2*c = -y + 47, 5*y = z*c + 255. What is the remainder when y is divided by 19?
17
Let w(b) = 3*b**3 - 